14) - (-2)/4.
29
Let f(u) = -16*u + 12. Let x be f(-6). What are the prime factors of (-1)/(1*(-4)/x)?
3
Suppose -2*t = 5*d + 25, -d = -2*d + 4*t - 27. Let g = 9 - d. List the prime factors of g.
2
Let h(p) = 2*p - 7. Let f(c) = -10*c + 1. Let s be f(-1). What are the prime factors of h(s)?
3, 5
Suppose b - 6 - 1 = -3*v, 3*b = 3*v + 33. Let g be (2/3)/((-10)/(-15)). Let l = b + g. List the prime factors of l.
11
Let u(n) = -6 + 2 + n**2 + 3*n**3 - 2*n**3 + n - 2*n**2. What are the prime factors of u(3)?
17
Suppose 0 = 4*y - 16 + 4. List the prime factors of 15 + 0 + (-6)/y.
13
Let i = -6 - -62. What are the prime factors of i?
2, 7
Let l(x) = x + 7 - 5*x + 3*x - x**2. Let d be l(-5). What are the prime factors of (-1 + -2)/(-3) - d?
2, 7
Let p = 34 + -11. List the prime factors of p.
23
List the prime factors of 7/2*232/14.
2, 29
Let y(k) = -k**2 + 6*k + 17. Let w be y(7). Suppose 0*m - 4*m = 4*p + 8, 0 = -3*m + 5*p + 2. Let h = m + w. List the prime factors of h.
3
Let o(l) = -4*l**3 + 6*l**2 - 8*l + 1. Let r(h) = h**2 - h. Let s(y) = o(y) - 6*r(y). What are the prime factors of s(-2)?
37
Let a(g) = 6 + 0*g + 5*g + g. Let t(j) = 7*j + 7. Let o(u) = -6*a(u) + 5*t(u). What are the prime factors of o(-6)?
5
List the prime factors of -1 + -4 + 126/2.
2, 29
Let h = 58 + 47. List the prime factors of h.
3, 5, 7
List the prime factors of (-730)/(-22) + 8/(-44).
3, 11
Let d = -6 - -8. Let t be d - (-1)/(3/(-93)). Let s = t - -41. What are the prime factors of s?
2, 3
Suppose 3*v - b = -2*v + 164, -2*v + 68 = -b. What are the prime factors of v?
2
Let c(w) = 8*w - 34. List the prime factors of c(11).
2, 3
Let q = 794 + -473. What are the prime factors of q?
3, 107
Let p(k) = k - 7. Let x(z) = -3*z + 15. Let o(t) = 9*p(t) + 4*x(t). Suppose 4*u = -u - 15. List the prime factors of o(u).
2, 3
Suppose 3*n + 5*y - 6*y - 37 = 0, -5*y + 55 = 5*n. Suppose n = 9*m - 6*m. Suppose m*v - 14 = v - 2*w, -5*w = 5*v - 20. List the prime factors of v.
2, 3
Let u be (3/6 - 0)*2. Let v be (-2 + u + 10)*1. Suppose -v - 5 = -2*o. List the prime factors of o.
7
Let d(m) = -m**2 + 5*m - 2. Let h be d(3). Suppose -h*s + 3*p = -40, 2*s + 3*p = 3*s - 19. What are the prime factors of s?
7
Let n be ((-12)/(-10))/(6/15). Let r = n - 0. Suppose -2*a = -3*v - 20, 8*a - r*v = 3*a + 32. List the prime factors of a.
2
Let d = 6 - 4. Let p(k) = 3*k**3 - 2*k**2 + k. What are the prime factors of p(d)?
2, 3
Let k(m) = -m + 5. Let p be k(7). Let l(a) = 2*a**2 + 2*a - 3. Let g be l(-3). Let r = p + g. List the prime factors of r.
7
Suppose -6*x = -272 - 16. List the prime factors of x.
2, 3
Suppose 4*i - o - 65 = -13, 4*i + o - 44 = 0. Let x be (i/15)/((-2)/(-20)). Suppose 2*a = 3*k - 24, -a = -k - 4*a + x. List the prime factors of k.
2
Let d = -6 + 1. Let j be ((-4)/d)/((-2)/(-5)). Suppose 0*b = 2*b + l - 28, -32 = -2*b - j*l. List the prime factors of b.
2, 3
Suppose -7*y + 3*y + 3*n - 3 = 0, -13 = -y - 2*n. Suppose 0 = -y*v + 9, 4*v + 66 - 24 = 3*i. Suppose -2*f + i = f. What are the prime factors of f?
2, 3
Let n be (11/(-2))/((-2)/(-8)). Let r be (2 - n/(-5))*-5. Suppose 3*p + 0*p - r = 0. What are the prime factors of p?
2
Suppose -3*h + 5*h - 250 = 0. Suppose -3*p = -h + 41. What are the prime factors of p?
2, 7
Let d be (9/(-6))/(12/(-64)). Suppose 5*m = -d + 158. What are the prime factors of m?
2, 3, 5
Let o(k) = k + 3. Let j be o(7). Let i = 10 - 8. Suppose 0 = -i*g + j, -4*z + 36 = -z + 3*g. What are the prime factors of z?
7
Let a = 7 + -7. Suppose 2*y + 0*y - 46 = a. What are the prime factors of y?
23
Suppose -8*u + 381 = -5*u. Suppose 3*s = -5*h + u, s - 2*h = h + 47. List the prime factors of s.
2, 11
Let d be (-1)/1 + (9 - 1). Let j = 11 - d. Suppose 10 = j*b - 18. List the prime factors of b.
7
Let c(i) = i**2 - i + 7. Let f be c(-7). Suppose -b = -v - 57, b - f + 6 = 2*v. What are the prime factors of b?
3, 19
Let u(t) = -5*t - 4. Let y be u(-4). Suppose y = 5*n - 4*l, -n - l = n + 4. Suppose o - 7 = -n*o. What are the prime factors of o?
7
Let p(q) = q**3 + 6 + 3*q**2 - 3*q**2 - 2*q - 3*q**2. What are the prime factors of p(4)?
2, 7
Let p = 200 + -138. List the prime factors of p.
2, 31
Let p = -2 - -12. Let t(w) = w - 9. Let f be t(9). Suppose f = -0*u - u + p. What are the prime factors of u?
2, 5
Let x = -132 + 226. What are the prime factors of x?
2, 47
Let j = 289 + -163. What are the prime factors of j?
2, 3, 7
Suppose 7*v - 2 = 5*v. Let g(r) = -r**3 + 6*r**2 + 2*r - 8. Let w be g(6). Let d = w - v. List the prime factors of d.
3
Let l(q) = q**3 + 7*q**2 + 7*q + 7. Let c be l(-7). Let d = c + 77. What are the prime factors of d?
5, 7
Let y be (5 + -6)*(-44)/1. Suppose -5*d + 3*b + y = 4*b, 4*b - 16 = 0. What are the prime factors of d?
2
Suppose 0*d = -5*d. Suppose p + p + 28 = d. What are the prime factors of (-4)/(-14) + (-108)/p?
2
Let j = 194 + -104. List the prime factors of j.
2, 3, 5
Let y be 1/((-1)/(-85) + 0). Suppose 0 = 5*a - 10*a + y. What are the prime factors of a?
17
Suppose -29 = -3*n - a - 3*a, -4*a + 36 = 4*n. Suppose 3*x + 0 = -l + n, 2*l = 2*x + 30. What are the prime factors of l?
13
Let o(b) = -2*b + 0*b + 9 - b**3 - 2 + 0 + 5*b**2. Let j be o(5). Let n = 16 - j. List the prime factors of n.
19
Let p(i) = -i**3 - i**2 - 3. Let n be p(3). Let l = 56 + n. What are the prime factors of l?
17
Suppose y + 12 = j - 4*j, 4 = 3*y + j. Let a(v) = -v**2 + 5*v - 4. Let h be a(y). List the prime factors of (-5)/h*(-6 - -2).
2, 5
Let l(s) = s - 13. Let m be l(-12). Let p = 53 + m. What are the prime factors of p?
2, 7
What are the prime factors of ((-440)/16)/(2/(-4))?
5, 11
Let u = -25 - -31. Suppose 3*d + 2*g = 11, -2*d - 3*d - 3*g = -17. Let k = u - d. List the prime factors of k.
5
Let t = -10 + 25. List the prime factors of (3 - 2) + 3 + t.
19
Suppose 5*s - 19 = -y, -2*s = s + 3*y - 21. List the prime factors of s.
3
Let x be (3/2)/((-6)/(-40)). Let w be (-2)/1 + x/2. Suppose -3*a = -18 - w. List the prime factors of a.
7
Let g(a) = 3*a**2 - a. Let o(q) = -q**2 - 9*q + 2. Let p be o(-9). Suppose m + 3 = p. List the prime factors of g(m).
2
Suppose 0*f - 8 = -f. Let i = f + -6. List the prime factors of i.
2
Suppose 0*j + 3*j + 2 = -5*m, -3*m - 5*j = 14. Let x = 3 + m. Suppose -x*u + 3 = -4*u. List the prime factors of u.
3
Let l = -20 - -28. Suppose -5*k + 5*w = 5, -2*k + l = 3*w - 0. Suppose 7 + k = 2*c. List the prime factors of c.
2
Suppose -5*s - 80 = -4*t, t - 7 = -0*s - 2*s. Suppose 2*x = -3*r + 7 + 5, t = x - 3*r. What are the prime factors of x + (1 - 0) + -1?
3
Let g(h) = -8*h + 1. Let n be g(-4). Suppose n = 2*d - 11. List the prime factors of d.
2, 11
Suppose 6*z - 166 - 122 = 0. List the prime factors of z.
2, 3
Let s(v) = v**2 + v - 4. Let p be s(3). Suppose -3*n - p = 3*b - 131, 200 = 5*b + 4*n. Suppose -l + 4*l - b = 0. What are the prime factors of l?
2, 3
Let q(u) = -u**2 + 7*u - 19. Let h(p) = -2*p**2 + 13*p - 39. Let d(l) = -6*h(l) + 13*q(l). List the prime factors of d(9).
23
Let j = 28 - 16. List the prime factors of j.
2, 3
List the prime factors of (-3 - -7) + (0 - 2).
2
Let n(u) be the first derivative of -u**3/3 + 9*u**2/2 + 2*u - 2. Let r be n(9). List the prime factors of ((-15)/(-6))/(r/4).
5
Let r = 149 - 75. List the prime factors of r.
2, 37
Suppose -34 + 14 = -5*t. Suppose 3*y = t*s + 1, -5*s - 4*y = -y - 19. Suppose 15 + 11 = s*q. List the prime factors of q.
13
Let d(j) = 3*j**2 - 5*j - 1. Let c(o) = -o**2 + o - 1. Let u(w) = 2*c(w) + d(w). Suppose l = 5*z + 5, -z + 5*z - 25 = -5*l. What are the prime factors of u(l)?
7
Let j(x) = -x**3 - x**2 - 8*x + 4. List the prime factors of j(-5).
2, 3
Let g = -13 + 23. Suppose 0*x - 3*p = -x - 10, 0 = -5*x + 3*p + g. List the prime factors of x.
5
What are the prime factors of (-64)/(-24) + (-1)/(-3)?
3
Suppose v = -0*v - 1. List the prime factors of 5 + (-5 + v)/(-2).
2
Let z(u) = -u**3 - 5*u**2 - 6*u - 7. List the prime factors of z(-8).
233
Let z be 2 + 0 - -5 - -1. Suppose -2*p - z = -5*o, 0*p = p - 2*o + 2. List the prime factors of p.
2, 3
Let w = 11 - 7. Suppose -3*y + w = -2. List the prime factors of y.
2
Let d be (-68)/(-6) - 4/(-6). List the prime factors of d/(-10)*(-50)/4.
3, 5
Let w(q) = q + 15. Let k be w(-11). Suppose -3*c + 126 = -3*g, -c - 12 + 69 = -